{"id":1779,"date":"2025-11-29T14:42:30","date_gmt":"2025-11-29T14:42:30","guid":{"rendered":"https:\/\/ariboni.com.br\/portal\/?page_id=1779"},"modified":"2025-12-03T19:46:23","modified_gmt":"2025-12-03T19:46:23","slug":"riconoscimento","status":"publish","type":"page","link":"https:\/\/ariboni.com.br\/portal\/riconoscimento\/","title":{"rendered":"Riconoscimento"},"content":{"rendered":"\t\t<div data-elementor-type=\"wp-page\" data-elementor-id=\"1779\" class=\"elementor elementor-1779\" data-elementor-post-type=\"page\">\n\t\t\t\t<div class=\"elementor-element elementor-element-262f33af e-flex e-con-boxed e-con e-parent\" data-id=\"262f33af\" data-element_type=\"container\" data-e-type=\"container\">\n\t\t\t\t\t<div class=\"e-con-inner\">\n\t\t<div class=\"elementor-element elementor-element-3397ad9b e-con-full e-flex e-con e-child\" data-id=\"3397ad9b\" data-element_type=\"container\" data-e-type=\"container\">\n\t\t\t\t<div class=\"elementor-element elementor-element-624aa66 elementor-widget elementor-widget-text-editor\" data-id=\"624aa66\" data-element_type=\"widget\" data-e-type=\"widget\" data-widget_type=\"text-editor.default\">\n\t\t\t\t<div class=\"elementor-widget-container\">\n\t\t\t\t\t\t\t\t\t<p><span lang=\"it-IT\">L&#8217;impegno verso l&#8217;eccellenza, le prestazioni strategiche e il servizio personalizzato rendono Ariboni, Fabbri e Schmidt costantemente riconosciuto come uno degli studi legali pi\u00f9 rispettati nei settori della propriet\u00e0 intellettuale e del diritto societario in Brasile.<\/span><\/p><p><span lang=\"it-IT\">Il nostro lavoro \u00e8 spesso evidenziato da pubblicazioni giuridiche specializzate, sia nazionali che internazionali, come Chambers and Partners, The Legal 500, Leaders League, WTR 1000, IP Stars, An\u00e1lise Advocacia, tra le altre, che valutano le prestazioni degli studi legali e dei professionisti in base alla qualit\u00e0 tecnica, alla reputazione sul mercato e alla soddisfazione del cliente.<\/span><\/p><p><span lang=\"it-IT\">Questi riconoscimenti riflettono non solo la competenza del nostro team altamente qualificato, ma anche la fiducia che ci siamo guadagnati in quasi cinque decenni di collaborazione con aziende nazionali e internazionali provenienti da un&#8217;ampia gamma di settori.<\/span><\/p>\t\t\t\t\t\t\t\t<\/div>\n\t\t\t\t<\/div>\n\t\t\t\t<\/div>\n\t\t<div class=\"elementor-element elementor-element-448f8a4 e-con-full e-flex e-con e-child\" data-id=\"448f8a4\" data-element_type=\"container\" data-e-type=\"container\">\n\t\t<div class=\"elementor-element elementor-element-1b0db12b e-grid e-con-full e-con e-child\" data-id=\"1b0db12b\" data-element_type=\"container\" data-e-type=\"container\" data-settings=\"{&quot;background_background&quot;:&quot;classic&quot;}\">\n\t\t\t\t<div class=\"elementor-element elementor-element-38e07c45 elementor-widget elementor-widget-image\" data-id=\"38e07c45\" data-element_type=\"widget\" data-e-type=\"widget\" data-widget_type=\"image.default\">\n\t\t\t\t<div class=\"elementor-widget-container\">\n\t\t\t\t\t\t\t\t\t\t\t\t\t\t\t<img decoding=\"async\" width=\"150\" height=\"44\" src=\"https:\/\/ariboni.com.br\/portal\/wp-content\/uploads\/2025\/05\/premio_Chambers.png\" class=\"attachment-large size-large wp-image-881\" alt=\"\" \/>\t\t\t\t\t\t\t\t\t\t\t\t\t\t\t<\/div>\n\t\t\t\t<\/div>\n\t\t\t\t<div class=\"elementor-element elementor-element-4d55c6b0 elementor-widget elementor-widget-image\" data-id=\"4d55c6b0\" data-element_type=\"widget\" data-e-type=\"widget\" data-widget_type=\"image.default\">\n\t\t\t\t<div class=\"elementor-widget-container\">\n\t\t\t\t\t\t\t\t\t\t\t\t\t\t\t<img decoding=\"async\" width=\"150\" height=\"143\" src=\"https:\/\/ariboni.com.br\/portal\/wp-content\/uploads\/2025\/05\/premio_leaders.png\" class=\"attachment-large size-large wp-image-885\" alt=\"\" \/>\t\t\t\t\t\t\t\t\t\t\t\t\t\t\t<\/div>\n\t\t\t\t<\/div>\n\t\t\t\t<div class=\"elementor-element elementor-element-79acf125 elementor-widget elementor-widget-image\" data-id=\"79acf125\" data-element_type=\"widget\" data-e-type=\"widget\" data-widget_type=\"image.default\">\n\t\t\t\t<div class=\"elementor-widget-container\">\n\t\t\t\t\t\t\t\t\t\t\t\t\t\t\t<img fetchpriority=\"high\" decoding=\"async\" width=\"600\" height=\"520\" src=\"https:\/\/ariboni.com.br\/portal\/wp-content\/uploads\/2025\/06\/NEW_Global_Awards_Winner_2025-ampliado-e1755089807283.png\" class=\"attachment-large size-large wp-image-1163\" alt=\"\" \/>\t\t\t\t\t\t\t\t\t\t\t\t\t\t\t<\/div>\n\t\t\t\t<\/div>\n\t\t\t\t<div class=\"elementor-element elementor-element-3494539e elementor-widget elementor-widget-image\" data-id=\"3494539e\" data-element_type=\"widget\" data-e-type=\"widget\" data-widget_type=\"image.default\">\n\t\t\t\t<div class=\"elementor-widget-container\">\n\t\t\t\t\t\t\t\t\t\t\t\t\t\t\t<img loading=\"lazy\" decoding=\"async\" width=\"150\" height=\"45\" src=\"https:\/\/ariboni.com.br\/portal\/wp-content\/uploads\/2025\/05\/premio_ipStars.png\" class=\"attachment-large size-large wp-image-884\" alt=\"\" \/>\t\t\t\t\t\t\t\t\t\t\t\t\t\t\t<\/div>\n\t\t\t\t<\/div>\n\t\t\t\t<div class=\"elementor-element elementor-element-4db799d1 elementor-widget elementor-widget-image\" data-id=\"4db799d1\" data-element_type=\"widget\" data-e-type=\"widget\" data-widget_type=\"image.default\">\n\t\t\t\t<div class=\"elementor-widget-container\">\n\t\t\t\t\t\t\t\t\t\t\t\t\t\t\t<img loading=\"lazy\" decoding=\"async\" width=\"150\" height=\"75\" src=\"https:\/\/ariboni.com.br\/portal\/wp-content\/uploads\/2025\/05\/premio_WTR.png\" class=\"attachment-large size-large wp-image-886\" alt=\"\" \/>\t\t\t\t\t\t\t\t\t\t\t\t\t\t\t<\/div>\n\t\t\t\t<\/div>\n\t\t\t\t<div class=\"elementor-element elementor-element-584c2c62 elementor-widget elementor-widget-image\" data-id=\"584c2c62\" data-element_type=\"widget\" data-e-type=\"widget\" data-widget_type=\"image.default\">\n\t\t\t\t<div class=\"elementor-widget-container\">\n\t\t\t\t\t\t\t\t\t\t\t\t\t\t\t<img loading=\"lazy\" decoding=\"async\" width=\"150\" height=\"120\" src=\"https:\/\/ariboni.com.br\/portal\/wp-content\/uploads\/2025\/05\/logo-Analise-500-1.jpg\" class=\"attachment-large size-large wp-image-878\" alt=\"\" \/>\t\t\t\t\t\t\t\t\t\t\t\t\t\t\t<\/div>\n\t\t\t\t<\/div>\n\t\t\t\t<div class=\"elementor-element elementor-element-6d6f7b13 elementor-widget elementor-widget-image\" data-id=\"6d6f7b13\" data-element_type=\"widget\" data-e-type=\"widget\" data-widget_type=\"image.default\">\n\t\t\t\t<div class=\"elementor-widget-container\">\n\t\t\t\t\t\t\t\t\t\t\t\t\t\t\t<img loading=\"lazy\" decoding=\"async\" width=\"102\" height=\"150\" src=\"https:\/\/ariboni.com.br\/portal\/wp-content\/uploads\/2025\/12\/analise26.png\" class=\"attachment-large size-large wp-image-1909\" alt=\"\" \/>\t\t\t\t\t\t\t\t\t\t\t\t\t\t\t<\/div>\n\t\t\t\t<\/div>\n\t\t\t\t<div class=\"elementor-element elementor-element-179c280b elementor-widget elementor-widget-image\" data-id=\"179c280b\" data-element_type=\"widget\" data-e-type=\"widget\" data-widget_type=\"image.default\">\n\t\t\t\t<div class=\"elementor-widget-container\">\n\t\t\t\t\t\t\t\t\t\t\t\t\t\t\t<img loading=\"lazy\" decoding=\"async\" width=\"150\" height=\"145\" src=\"https:\/\/ariboni.com.br\/portal\/wp-content\/uploads\/2025\/05\/premio_analiseMulher.png\" class=\"attachment-large size-large wp-image-880\" alt=\"\" \/>\t\t\t\t\t\t\t\t\t\t\t\t\t\t\t<\/div>\n\t\t\t\t<\/div>\n\t\t\t\t<div class=\"elementor-element elementor-element-4d799c5e elementor-widget elementor-widget-image\" data-id=\"4d799c5e\" data-element_type=\"widget\" data-e-type=\"widget\" data-widget_type=\"image.default\">\n\t\t\t\t<div class=\"elementor-widget-container\">\n\t\t\t\t\t\t\t\t\t\t\t\t\t\t\t<img loading=\"lazy\" decoding=\"async\" width=\"150\" height=\"150\" src=\"https:\/\/ariboni.com.br\/portal\/wp-content\/uploads\/2025\/08\/LWA-prestige2pq-150x150.png\" class=\"attachment-thumbnail size-thumbnail wp-image-1561\" alt=\"\" \/>\t\t\t\t\t\t\t\t\t\t\t\t\t\t\t<\/div>\n\t\t\t\t<\/div>\n\t\t\t\t<\/div>\n\t\t\t\t<\/div>\n\t\t\t\t\t<\/div>\n\t\t\t\t<\/div>\n\t\t\t\t<\/div>\n\t\t","protected":false},"excerpt":{"rendered":"<p>L&#8217;impegno verso l&#8217;eccellenza, le prestazioni strategiche e il servizio personalizzato rendono Ariboni, Fabbri e Schmidt costantemente riconosciuto come uno degli studi legali pi\u00f9 rispettati nei settori della propriet\u00e0 intellettuale e del diritto societario in Brasile. Il nostro lavoro \u00e8 spesso evidenziato da pubblicazioni giuridiche specializzate, sia nazionali che internazionali, come Chambers and Partners, The Legal [&hellip;]<\/p>\n","protected":false},"author":1,"featured_media":0,"parent":0,"menu_order":0,"comment_status":"closed","ping_status":"closed","template":"elementor_header_footer","meta":{"footnotes":""},"class_list":["post-1779","page","type-page","status-publish","hentry"],"_links":{"self":[{"href":"https:\/\/ariboni.com.br\/portal\/wp-json\/wp\/v2\/pages\/1779","targetHints":{"allow":["GET"]}}],"collection":[{"href":"https:\/\/ariboni.com.br\/portal\/wp-json\/wp\/v2\/pages"}],"about":[{"href":"https:\/\/ariboni.com.br\/portal\/wp-json\/wp\/v2\/types\/page"}],"author":[{"embeddable":true,"href":"https:\/\/ariboni.com.br\/portal\/wp-json\/wp\/v2\/users\/1"}],"replies":[{"embeddable":true,"href":"https:\/\/ariboni.com.br\/portal\/wp-json\/wp\/v2\/comments?post=1779"}],"version-history":[{"count":16,"href":"https:\/\/ariboni.com.br\/portal\/wp-json\/wp\/v2\/pages\/1779\/revisions"}],"predecessor-version":[{"id":1927,"href":"https:\/\/ariboni.com.br\/portal\/wp-json\/wp\/v2\/pages\/1779\/revisions\/1927"}],"wp:attachment":[{"href":"https:\/\/ariboni.com.br\/portal\/wp-json\/wp\/v2\/media?parent=1779"}],"curies":[{"name":"wp","href":"https:\/\/api.w.org\/{rel}","templated":true}]}}